{"id":94,"date":"2023-08-20T16:07:21","date_gmt":"2023-08-20T14:07:21","guid":{"rendered":"https:\/\/cazziani.com\/?post_type=product&#038;p=94"},"modified":"2023-09-16T06:42:42","modified_gmt":"2023-09-16T04:42:42","slug":"correas-de-cuero","status":"publish","type":"product","link":"https:\/\/cazziani.com\/index.php\/product\/correas-de-cuero\/","title":{"rendered":"CORREAS DE CUERO ELEGANTE PARA VESTIR"},"content":{"rendered":"<p>Cintur\u00f3n elegante para pantalones de negocio, de cuero de primera calidad, con hebillas de Aleaci\u00f3n<br \/>\nColor: Caf\u00e9 y Negro<br \/>\nAncho Aprox. 3.8cm<br \/>\nLongitud: 105cm, 110cm, 120cm, 125cm<\/p>\n<p><img fetchpriority=\"high\" decoding=\"async\" class=\"alignnone size-medium wp-image-560\" src=\"http:\/\/cazziani.com\/wp-content\/uploads\/2023\/08\/WhatsApp-Image-2023-08-29-at-11.51.52-PM-288x300.jpeg\" alt=\"\" width=\"288\" height=\"300\" srcset=\"https:\/\/cazziani.com\/wp-content\/uploads\/2023\/08\/WhatsApp-Image-2023-08-29-at-11.51.52-PM-288x300.jpeg 288w, https:\/\/cazziani.com\/wp-content\/uploads\/2023\/08\/WhatsApp-Image-2023-08-29-at-11.51.52-PM-600x626.jpeg 600w, https:\/\/cazziani.com\/wp-content\/uploads\/2023\/08\/WhatsApp-Image-2023-08-29-at-11.51.52-PM.jpeg 720w\" sizes=\"(max-width: 288px) 100vw, 288px\" \/><\/p>\n<p>&nbsp;<\/p>\n","protected":false},"excerpt":{"rendered":"<p>Cintur\u00f3n elegante para pantalones de negocio, de cuero de primera calidad, con hebillas de Aleaci\u00f3n Color: Caf\u00e9 y Negro Ancho Aprox. 3.8cm Longitud: 105cm, 110cm, 120cm, 125cm &nbsp;<\/p>\n","protected":false},"featured_media":95,"comment_status":"open","ping_status":"closed","template":"","meta":{"_joinchat":[]},"product_cat":[36],"product_tag":[],"class_list":["post-94","product","type-product","status-publish","has-post-thumbnail","hentry","product_cat-accesorios","pa_color-cafe","pa_color-negro","pa_medidas-105cm","pa_medidas-110cm","pa_medidas-120cm","pa_medidas-125cm"],"_links":{"self":[{"href":"https:\/\/cazziani.com\/index.php\/wp-json\/wp\/v2\/product\/94","targetHints":{"allow":["GET"]}}],"collection":[{"href":"https:\/\/cazziani.com\/index.php\/wp-json\/wp\/v2\/product"}],"about":[{"href":"https:\/\/cazziani.com\/index.php\/wp-json\/wp\/v2\/types\/product"}],"replies":[{"embeddable":true,"href":"https:\/\/cazziani.com\/index.php\/wp-json\/wp\/v2\/comments?post=94"}],"version-history":[{"count":6,"href":"https:\/\/cazziani.com\/index.php\/wp-json\/wp\/v2\/product\/94\/revisions"}],"predecessor-version":[{"id":602,"href":"https:\/\/cazziani.com\/index.php\/wp-json\/wp\/v2\/product\/94\/revisions\/602"}],"wp:featuredmedia":[{"embeddable":true,"href":"https:\/\/cazziani.com\/index.php\/wp-json\/wp\/v2\/media\/95"}],"wp:attachment":[{"href":"https:\/\/cazziani.com\/index.php\/wp-json\/wp\/v2\/media?parent=94"}],"wp:term":[{"taxonomy":"product_cat","embeddable":true,"href":"https:\/\/cazziani.com\/index.php\/wp-json\/wp\/v2\/product_cat?post=94"},{"taxonomy":"product_tag","embeddable":true,"href":"https:\/\/cazziani.com\/index.php\/wp-json\/wp\/v2\/product_tag?post=94"}],"curies":[{"name":"wp","href":"https:\/\/api.w.org\/{rel}","templated":true}]}}